{"id":48,"date":"2018-01-17T02:40:36","date_gmt":"2018-01-17T01:40:36","guid":{"rendered":"http:\/\/tierphysio-faller.de\/?page_id=48"},"modified":"2018-05-08T00:22:53","modified_gmt":"2018-05-07T22:22:53","slug":"physio-was-ist-das","status":"publish","type":"page","link":"http:\/\/tierphysio-faller.de\/start\/physio-was-ist-das\/","title":{"rendered":"Physio-Was ist das?"},"content":{"rendered":"<div>\n<div><div id=\"n2-ss-4-align\" class=\"n2-ss-align\"><div class=\"n2-padding\"><div id=\"n2-ss-4\" data-creator=\"Smart Slider 3\" class=\"n2-ss-slider n2-ow n2-has-hover n2notransition n2-ss-load-fade \" data-minFontSizedesktopPortrait=\"4\" data-minFontSizedesktopLandscape=\"4\" data-minFontSizetabletPortrait=\"4\" data-minFontSizetabletLandscape=\"4\" data-minFontSizemobilePortrait=\"4\" data-minFontSizemobileLandscape=\"4\" style=\"font-size: 16px;\" data-fontsize=\"16\">\r\n        <div class=\"n2-ss-slider-1 n2-ss-swipe-element n2-ow\" style=\"\">\r\n                        <div class=\"n2-ss-slider-2 n2-ow\">\r\n                                <div class=\"n2-ss-slider-3 n2-ow\" style=\"\">\r\n\r\n                    <div class=\"n2-ss-slide-backgrounds\"><\/div><div data-first=\"1\" data-slide-duration=\"0\" data-id=\"14\" style=\"\" class=\"n2-ss-slide n2-ss-canvas n2-ow  n2-ss-slide-14\"><div data-hash=\"458814cde3a2d0db2f819673b3d62167\" data-desktop=\"\/\/tierphysio-faller.de\/wp-content\/uploads\/2018\/05\/Hund1_physio_was_ist_das_600_150.png\" class=\"n2-ss-slide-background n2-ow\" data-opacity=\"1\" data-blur=\"0\" data-mode=\"fill\" data-x=\"50\" data-y=\"50\"><div class=\"n2-ss-slide-background-mask\" style=\"\"><img decoding=\"async\" title=\"\" src=\"\/\/tierphysio-faller.de\/wp-content\/uploads\/2018\/05\/Hund1_physio_was_ist_das_600_150.png\" alt=\"\" \/><\/div><\/div><div class=\"n2-ss-layers-container n2-ow\" data-csstextalign=\"center\" style=\"\"><\/div><\/div><div data-slide-duration=\"0\" data-id=\"15\" style=\"\" class=\"n2-ss-slide n2-ss-canvas n2-ow  n2-ss-slide-15\"><div data-hash=\"7e4fe3b9897363036eec55a2ec62fb19\" data-desktop=\"\/\/tierphysio-faller.de\/wp-content\/uploads\/2018\/05\/Hund3_physio_was_ist_das_600_150.png\" class=\"n2-ss-slide-background n2-ow\" data-opacity=\"1\" data-blur=\"0\" data-mode=\"fill\" data-x=\"50\" data-y=\"50\"><div class=\"n2-ss-slide-background-mask\" style=\"\"><img decoding=\"async\" title=\"\" src=\"\/\/tierphysio-faller.de\/wp-content\/uploads\/2018\/05\/Hund3_physio_was_ist_das_600_150.png\" alt=\"\" \/><\/div><\/div><div class=\"n2-ss-layers-container n2-ow\" data-csstextalign=\"center\" style=\"\"><\/div><\/div>                <\/div>\r\n            <\/div>\r\n            <div data-ssleft=\"0+15\" data-sstop=\"height\/2-previousheight\/2\" id=\"n2-ss-4-arrow-previous\" class=\"n2-ss-widget n2-ss-widget-display-desktop n2-ss-widget-display-tablet n2-ss-widget-display-mobile nextend-arrow n2-ow nextend-arrow-previous  nextend-arrow-animated-fade n2-ib\" style=\"position: absolute;\" role=\"button\" aria-label=\"Previous slide\" tabindex=\"0\"><img decoding=\"async\" class=\"n2-ow\" data-no-lazy=\"1\" data-hack=\"data-lazy-src\" src=\"data:image\/svg+xml;base64,PHN2ZyB3aWR0aD0iMzIiIGhlaWdodD0iMzIiIHZpZXdCb3g9IjAgMCAzMiAzMiIgeG1sbnM9Imh0dHA6Ly93d3cudzMub3JnLzIwMDAvc3ZnIj48cGF0aCBkPSJNMTEuNDMzIDE1Ljk5MkwyMi42OSA1LjcxMmMuMzkzLS4zOS4zOTMtMS4wMyAwLTEuNDItLjM5My0uMzktMS4wMy0uMzktMS40MjMgMGwtMTEuOTggMTAuOTRjLS4yMS4yMS0uMy40OS0uMjg1Ljc2LS4wMTUuMjguMDc1LjU2LjI4NC43N2wxMS45OCAxMC45NGMuMzkzLjM5IDEuMDMuMzkgMS40MjQgMCAuMzkzLS40LjM5My0xLjAzIDAtMS40MmwtMTEuMjU3LTEwLjI5IiBmaWxsPSIjZmZmZmZmIiBvcGFjaXR5PSIwLjgiIGZpbGwtcnVsZT0iZXZlbm9kZCIvPjwvc3ZnPg==\" alt=\"previous arrow\" \/><\/div>\n<div data-ssright=\"0+15\" data-sstop=\"height\/2-nextheight\/2\" id=\"n2-ss-4-arrow-next\" class=\"n2-ss-widget n2-ss-widget-display-desktop n2-ss-widget-display-tablet n2-ss-widget-display-mobile nextend-arrow n2-ow nextend-arrow-next  nextend-arrow-animated-fade n2-ib\" style=\"position: absolute;\" role=\"button\" aria-label=\"Next slide\" tabindex=\"0\"><img decoding=\"async\" class=\"n2-ow\" data-no-lazy=\"1\" data-hack=\"data-lazy-src\" src=\"data:image\/svg+xml;base64,PHN2ZyB3aWR0aD0iMzIiIGhlaWdodD0iMzIiIHZpZXdCb3g9IjAgMCAzMiAzMiIgeG1sbnM9Imh0dHA6Ly93d3cudzMub3JnLzIwMDAvc3ZnIj48cGF0aCBkPSJNMTAuNzIyIDQuMjkzYy0uMzk0LS4zOS0xLjAzMi0uMzktMS40MjcgMC0uMzkzLjM5LS4zOTMgMS4wMyAwIDEuNDJsMTEuMjgzIDEwLjI4LTExLjI4MyAxMC4yOWMtLjM5My4zOS0uMzkzIDEuMDIgMCAxLjQyLjM5NS4zOSAxLjAzMy4zOSAxLjQyNyAwbDEyLjAwNy0xMC45NGMuMjEtLjIxLjMtLjQ5LjI4NC0uNzcuMDE0LS4yNy0uMDc2LS41NS0uMjg2LS43NkwxMC43MiA0LjI5M3oiIGZpbGw9IiNmZmZmZmYiIG9wYWNpdHk9IjAuOCIgZmlsbC1ydWxlPSJldmVub2RkIi8+PC9zdmc+\" alt=\"next arrow\" \/><\/div>\n        <\/div>\r\n        <\/div><div class=\"n2-clear\"><\/div><div id=\"n2-ss-4-spinner\" style=\"display: none;\"><div><div class=\"n2-ss-spinner-simple-white-container\"><div class=\"n2-ss-spinner-simple-white\"><\/div><\/div><\/div><\/div><\/div><\/div><div id=\"n2-ss-4-placeholder\" style=\"position: relative;z-index:2;color:RGBA(0,0,0,0);max-height:3000px;\"><img decoding=\"async\" style=\"width: 100%; max-width:3000px; display: block;\" class=\"n2-ow\" src=\"data:image\/svg+xml;base64,PHN2ZyB4bWxucz0iaHR0cDovL3d3dy53My5vcmcvMjAwMC9zdmciIHZlcnNpb249IjEuMCIgd2lkdGg9IjYwMCIgaGVpZ2h0PSIxNTAiID48L3N2Zz4=\" alt=\"Slider\" \/><\/div><\/div>\n<div><\/div>\n<\/div>\n<p>&nbsp;<\/p>\n<p>Die Tierphysiotherapie vereint verschiedene Behandlungsformen, die der Gesunderhaltung des K\u00f6rpers dienen und Heilungsprozesse f\u00f6rdern k\u00f6nnen. Dabei liegt der Schwerpunkt auf der Behandlung des Muskel-, Sehnen- und Bandapparates. Schmerzlinderung steht hier immer an erster Stelle.<\/p>\n<p>Krankengymnastik ist Vielen vielleicht gel\u00e4ufiger als Physiotherapie, die beiden Begriffe beziehen sich aber auf ein und dasselbe:<\/p>\n<p>Die Behandlung gest\u00f6rter K\u00f6rperfunktionen mittels nat\u00fcrlicher Therapieformen.<\/p>\n<p><strong>Grenzen der Tierphysiotherapie<\/strong><\/p>\n<p>Die physiotherapeutische Arbeit ersetzt nicht die tier\u00e4rztliche Untersuchung.<\/p>\n","protected":false},"excerpt":{"rendered":"<p>&nbsp; Die Tierphysiotherapie vereint verschiedene Behandlungsformen, die der Gesunderhaltung des K\u00f6rpers dienen und Heilungsprozesse f\u00f6rdern k\u00f6nnen. Dabei liegt der Schwerpunkt<\/p>\n","protected":false},"author":1,"featured_media":0,"parent":0,"menu_order":0,"comment_status":"closed","ping_status":"closed","template":"","meta":{"footnotes":""},"class_list":["post-48","page","type-page","status-publish","hentry"],"_links":{"self":[{"href":"http:\/\/tierphysio-faller.de\/start\/wp-json\/wp\/v2\/pages\/48","targetHints":{"allow":["GET"]}}],"collection":[{"href":"http:\/\/tierphysio-faller.de\/start\/wp-json\/wp\/v2\/pages"}],"about":[{"href":"http:\/\/tierphysio-faller.de\/start\/wp-json\/wp\/v2\/types\/page"}],"author":[{"embeddable":true,"href":"http:\/\/tierphysio-faller.de\/start\/wp-json\/wp\/v2\/users\/1"}],"replies":[{"embeddable":true,"href":"http:\/\/tierphysio-faller.de\/start\/wp-json\/wp\/v2\/comments?post=48"}],"version-history":[{"count":11,"href":"http:\/\/tierphysio-faller.de\/start\/wp-json\/wp\/v2\/pages\/48\/revisions"}],"predecessor-version":[{"id":196,"href":"http:\/\/tierphysio-faller.de\/start\/wp-json\/wp\/v2\/pages\/48\/revisions\/196"}],"wp:attachment":[{"href":"http:\/\/tierphysio-faller.de\/start\/wp-json\/wp\/v2\/media?parent=48"}],"curies":[{"name":"wp","href":"https:\/\/api.w.org\/{rel}","templated":true}]}}